 514243 is divided by 171314.
301
What is the remainder when 5768897 is divided by 60725?
22
Calculate the remainder when 311814 is divided by 1339.
1166
Calculate the remainder when 21196 is divided by 241.
229
What is the remainder when 1673402 is divided by 2179?
2109
What is the remainder when 88866427 is divided by 2554?
2551
Calculate the remainder when 118980 is divided by 59069.
842
What is the remainder when 823614 is divided by 68634?
6
What is the remainder when 258139 is divided by 4298?
259
What is the remainder when 2267689 is divided by 181?
121
Calculate the remainder when 146161 is divided by 18.
1
Calculate the remainder when 2885449 is divided by 589.
527
What is the remainder when 6711111 is divided by 394770?
21
What is the remainder when 46058 is divided by 5547?
1682
Calculate the remainder when 1276659 is divided by 1276652.
7
What is the remainder when 14340474 is divided by 1992?
66
What is the remainder when 7066758 is divided by 3533349?
60
Calculate the remainder when 8215 is divided by 358.
339
What is the remainder when 155817841 is divided by 49?
46
Calculate the remainder when 1140387 is divided by 1222.
261
Calculate the remainder when 2658396 is divided by 3628.
2700
Calculate the remainder when 3684339 is divided by 1907.
15
Calculate the remainder when 244550271 is divided by 1639.
1637
Calculate the remainder when 2802737 is divided by 280270.
37
What is the remainder when 124519981 is divided by 89?
81
Calculate the remainder when 20123835 is divided by 5414.
5411
What is the remainder when 826880 is divided by 4667?
821
What is the remainder when 2829144 is divided by 858?
318
What is the remainder when 4843895 is divided by 968777?
10
What is the remainder when 188028848 is divided by 44?
40
What is the remainder when 98086 is divided by 57?
46
What is the remainder when 1129923 is divided by 18?
9
What is the remainder when 89601 is divided by 44777?
47
Calculate the remainder when 273268 is divided by 135.
28
Calculate the remainder when 22055 is divided by 10906.
243
What is the remainder when 162474 is divided by 5222?
592
What is the remainder when 900870 is divided by 899133?
1737
What is the remainder when 444376 is divided by 826?
814
Calculate the remainder when 20138914 is divided by 36.
10
What is the remainder when 249451 is divided by 910?
111
Calculate the remainder when 64795906 is divided by 19.
16
What is the remainder when 96313054 is divided by 8?
6
What is the remainder when 1318633 is divided by 101432?
17
What is the remainder when 7906818 is divided by 34?
16
Calculate the remainder when 272559 is divided by 52.
27
Calculate the remainder when 16397597 is divided by 3184.
3181
What is the remainder when 1674585 is divided by 31594?
103
Calculate the remainder when 14820556 is divided by 1482048.
76
Calculate the remainder when 19621788 is divided by 63.
60
Calculate the remainder when 27918574 is divided by 25.
24
Calculate the remainder when 28639582 is divided by 6037.
54
Calculate the remainder when 143851 is divided by 214.
43
What is the remainder when 73083 is divided by 17719?
2207
What is the remainder when 474654590 is divided by 64?
62
Calculate the remainder when 29557717 is divided by 8763.
118
What is the remainder when 77745 is divided by 4235?
1515
What is the remainder when 523581 is divided by 813?
9
What is the remainder when 1733698 is divided by 3020?
218
What is the remainder when 686409 is divided by 58?
37
Calculate the remainder when 350128 is divided by 1888.
848
Calculate the remainder when 283766 is divided by 35092.
3030
What is the remainder when 6201827 is divided by 2066722?
1661
Calculate the remainder when 340665 is divided by 302.
9
What is the remainder when 345173 is divided by 345120?
53
What is the remainder when 4709313 is divided by 265?
263
Calculate the remainder when 2332236 is divided by 11159.
5
What is the remainder when 8420 is divided by 499?
436
Calculate the remainder when 10181972 is divided by 24.
20
What is the remainder when 376106 is divided by 41734?
500
Calculate the remainder when 9862564 is divided by 34126.
150
Calculate the remainder when 2023409 is divided by 16187.
34
Calculate the remainder when 4298812 is divided by 4970.
4732
What is the remainder when 56089485 is divided by 241765?
5
What is the remainder when 185278 is divided by 63?
58
What is the remainder when 6757922 is divided by 84474?
2
Calculate the remainder when 2272191 is divided by 515.
11
Calculate the remainder when 1028395 is divided by 3454.
2557
What is the remainder when 8792816 is divided by 1381?
1370
What is the remainder when 3070608 is divided by 1417?
1386
What is the remainder when 263728 is divided by 2101?
1103
Calculate the remainder when 23060 is divided by 6199.
4463
Calculate the remainder when 48652227 is divided by 45.
27
What is the remainder when 55244457 is divided by 18414795?
72
Calculate the remainder when 35527752 is divided by 4611.
4608
Calculate the remainder when 203405594 is divided by 2178.
2174
What is the remainder when 4828385 is divided by 4389?
485
What is the remainder when 313525 is divided by 311996?
1529
Calculate the remainder when 4679241 is divided by 74.
73
Calculate the remainder when 56022834 is divided by 324.
318
Calculate the remainder when 2429416 is divided by 117.
28
Calculate the remainder when 915416 is divided by 36.
8
Calculate the remainder when 1327142 is divided by 60.
2
What is the remainder when 81568 is divided by 8146?
108
What is the remainder when 4476859 is divided by 1933?
31
What is the remainder when 4222035 is divided by 98?
97
Calculate the remainder when 168929 is divided by 751.
705
Calculate the remainder when 565653 is divided by 244.
61
Calculate the remainder when 391413 is divided by 65221.
87
What is the remainder when 354647 is divided by 117396?
2459
What is the remainder when 396378 is divided by 36025?
103
Calculate the remainder when 42913 is divided by 1531.
45
Calculate the remainder when 50882898 is divided by 41.
12
Calculate the remainder when 39599 is divided by 5300.
2499
Calculate the remainder when 9147 is divided by 565.
107
Calculate the remainder when 155858 is divided by 2147.
1274
What is the remainder when 3990 is divided by 3?
0
Calculate the remainder when 4227114 is divided by 349.
26
What is the remainder when 1669011 is divided by 408?
291
What is the remainder when 408109496 is divided by 2250?
2246
Calculate the remainder when 203254 is divided by 1517.
1493
What is the remainder when 21712186 is divided by 4342437?
1
What is the remainder when 337481 is divided by 356?
349
Calculate the remainder when 825667 is divided by 33026.
17
What is the remainder when 8767588 is divided by 8366?
20
What is the remainder when 11761270 is divided by 2429?
52
Calculate the remainder when 294214 is divided by 9.
4
What is the remainder when 13437847 is divided by 93?
91
Calculate the remainder when 1029964 is divided by 4242.
3400
What is the remainder when 44744 is divided by 3180?
224
Calculate the remainder when 549948 is divided by 239.
9
Calculate the remainder when 29160 is divided by 1974.
1524
Calculate the remainder when 954210 is divided by 63611.
45
What is the remainder when 771399 is divided by 1400?
1399
What is the remainder when 981527 is divided by 113?
9
What is the remainder when 7659 is divided by 751?
149
What is the remainder when 11877037 is divided by 3959002?
31
What is the remainder when 25806226 is divided by 2795?
2786
What is the remainder when 33827 is divided by 8025?
1727
What is the remainder when 164808 is divided by 605?
248
What is the remainder when 248601 is divided by 82460?
1221
Calculate the remainder when 87410 is divided by 17441.
205
What is the remainder when 206042 is divided by 39?
5
Calculate the remainder when 8627485 is divided by 580.
565
Calculate the remainder when 191034 is divided by 729.
36
What is the remainder when 328327 is divided by 2544?
151
What is the remainder when 8166792 is divided by 1186?
1182
Calculate the remainder when 191755 is divided by 15976.
43
Calculate the remainder when 96106 is divided by 6708.
2194
Calculate the remainder when 46591345 is divided by 1678.
1675
Calculate th